{"id":1172,"date":"2020-04-03T14:46:47","date_gmt":"2020-04-03T13:46:47","guid":{"rendered":"http:\/\/gtf.hr\/?page_id=1172"},"modified":"2026-03-30T16:56:30","modified_gmt":"2026-03-30T15:56:30","slug":"projekti","status":"publish","type":"page","link":"https:\/\/gtf.hr\/en\/projekti\/","title":{"rendered":"PROJEKTI"},"content":{"rendered":"<h1>Projects<\/h1>\n<h2>Fields of work<\/h2>\n<p>The GTF-Initiative for sustainable Growth\u2019s fields of work for 2015-2020 are entrepreneurship, social inclusion, rural development, ecology and tourism.<\/p>\n<p>In these areas through the implementation of projects, organization of seminars, workshops and conferences, participation in events and active cooperation with the state, public, private and academic sectors in Croatia and abroad, GTF-ISG greatly contributes to the achievement of its strategic goals.<\/p>\n<p>\t\t\t\t\t\t\t\t\t\t\t\t\t\t\t<img loading=\"lazy\" decoding=\"async\" width=\"1024\" height=\"683\" src=\"http:\/\/gtf.hr\/wp-content\/uploads\/2020\/04\/pisanjaplavoN-1024x683.jpg\" alt=\"\" srcset=\"http:\/\/gtf.hr\/wp-content\/uploads\/2020\/04\/pisanjaplavoN-1024x683.jpg 1024w, http:\/\/gtf.hr\/wp-content\/uploads\/2020\/04\/pisanjaplavoN-300x200.jpg 300w, http:\/\/gtf.hr\/wp-content\/uploads\/2020\/04\/pisanjaplavoN-768x512.jpg 768w, http:\/\/gtf.hr\/wp-content\/uploads\/2020\/04\/pisanjaplavoN.jpg 1300w\" sizes=\"auto, (max-width: 1024px) 100vw, 1024px\" \/><br \/>\n\t\t\t\t\t\t\t\t\t\t\t\t\t\t\t<img loading=\"lazy\" decoding=\"async\" width=\"640\" height=\"427\" src=\"http:\/\/gtf.hr\/wp-content\/uploads\/2020\/04\/team_mi.jpg\" alt=\"\" srcset=\"http:\/\/gtf.hr\/wp-content\/uploads\/2020\/04\/team_mi.jpg 640w, http:\/\/gtf.hr\/wp-content\/uploads\/2020\/04\/team_mi-300x200.jpg 300w\" sizes=\"auto, (max-width: 640px) 100vw, 640px\" \/>\t\t\t\t\t\t\t\t\t\t\t\t\t\t\t<\/p>\n<h2>Financing<\/h2>\n<p style=\"text-align: left;\">We are implementing our projects with the financial support and co-financing of various institutions and organizations. Over the past few years, we have received financial support from the Ministry of Foreign and European Affairs of the Republic of Croatia, the Environmental Protection and Energy Efficiency Fund, the European Union, the EEA and Norway Grants and the Office for Cooperation with NGOs of the Government of the Republic of Croatia.<\/p>\n<p style=\"text-align: left;\">In addition to this, GTF \u2013 Initiative for Sustainable Growth is the beneficiary of institutional support from the National Foundation for Civil Society Development for the stabilization and\/or development of civil society organizations.<\/p>\n<p>\t\t\t\t\t\t\t\t\t\t\t\t\t\t\t<img loading=\"lazy\" decoding=\"async\" width=\"300\" height=\"300\" src=\"http:\/\/gtf.hr\/wp-content\/uploads\/2020\/04\/nacionalna.jpg\" alt=\"\" srcset=\"http:\/\/gtf.hr\/wp-content\/uploads\/2020\/04\/nacionalna.jpg 300w, http:\/\/gtf.hr\/wp-content\/uploads\/2020\/04\/nacionalna-150x150.jpg 150w\" sizes=\"auto, (max-width: 300px) 100vw, 300px\" \/><br \/>\n\t\t\t\t\t\t\t\t\t\t\t\t\t\t\t<img loading=\"lazy\" decoding=\"async\" width=\"300\" height=\"300\" src=\"http:\/\/gtf.hr\/wp-content\/uploads\/2020\/04\/nac-zaklada2.jpg\" alt=\"\" srcset=\"http:\/\/gtf.hr\/wp-content\/uploads\/2020\/04\/nac-zaklada2.jpg 300w, http:\/\/gtf.hr\/wp-content\/uploads\/2020\/04\/nac-zaklada2-150x150.jpg 150w\" sizes=\"auto, (max-width: 300px) 100vw, 300px\" \/><\/p>","protected":false},"excerpt":{"rendered":"<p>Projekti Podru\u010dja djelovanja Podru\u010dja djelovanja GTF-IOR-a za 2015. \u2013 2020. su poduzetni\u0161tvo, socijalna uklju\u010denost, ruralni razvoj, ekologija i turizam. U tim podru\u010djima je GTF aktivan te kroz provo\u0111enje projekata, organiziranje seminara, radionica i konferencija, sudjelovanjem na doga\u0111ajima i aktivnom suradnjom s dr\u017eavnim, javnim, privatnim i akademskim sektorom u Hrvatskoj i izvan nje, uvelike pridonosi ostvarivanju &#8230; <a title=\"PROJEKTI\" class=\"read-more\" href=\"https:\/\/gtf.hr\/en\/projekti\/\" aria-label=\"Read more about PROJEKTI\">Read more<\/a><\/p>","protected":false},"author":2,"featured_media":0,"parent":0,"menu_order":0,"comment_status":"closed","ping_status":"closed","template":"elementor_header_footer","meta":{"footnotes":""},"class_list":["post-1172","page","type-page","status-publish"],"yoast_head":"<!-- This site is optimized with the Yoast SEO plugin v27.2 - https:\/\/yoast.com\/product\/yoast-seo-wordpress\/ -->\n<title>PROJEKTI - GTF-Inicijativa za odr\u017eivi rast<\/title>\n<meta name=\"robots\" content=\"index, follow, max-snippet:-1, max-image-preview:large, max-video-preview:-1\" \/>\n<link rel=\"canonical\" href=\"https:\/\/gtf.hr\/en\/projekti\/\" \/>\n<meta property=\"og:locale\" content=\"en_GB\" \/>\n<meta property=\"og:type\" content=\"article\" \/>\n<meta property=\"og:title\" content=\"PROJEKTI - GTF-Inicijativa za odr\u017eivi rast\" \/>\n<meta property=\"og:description\" content=\"Projekti Podru\u010dja djelovanja Podru\u010dja djelovanja GTF-IOR-a za 2015. \u2013 2020. su poduzetni\u0161tvo, socijalna uklju\u010denost, ruralni razvoj, ekologija i turizam. U tim podru\u010djima je GTF aktivan te kroz provo\u0111enje projekata, organiziranje seminara, radionica i konferencija, sudjelovanjem na doga\u0111ajima i aktivnom suradnjom s dr\u017eavnim, javnim, privatnim i akademskim sektorom u Hrvatskoj i izvan nje, uvelike pridonosi ostvarivanju ... Read more\" \/>\n<meta property=\"og:url\" content=\"https:\/\/gtf.hr\/en\/projekti\/\" \/>\n<meta property=\"og:site_name\" content=\"GTF-Inicijativa za odr\u017eivi rast\" \/>\n<meta property=\"article:modified_time\" content=\"2026-03-30T15:56:30+00:00\" \/>\n<meta property=\"og:image\" content=\"http:\/\/gtf.hr\/wp-content\/uploads\/2020\/04\/pisanjaplavoN-1024x683.jpg\" \/>\n<meta name=\"twitter:card\" content=\"summary_large_image\" \/>\n<meta name=\"twitter:label1\" content=\"Estimated reading time\" \/>\n\t<meta name=\"twitter:data1\" content=\"2 minutes\" \/>\n<script type=\"application\/ld+json\" class=\"yoast-schema-graph\">{\"@context\":\"https:\/\/schema.org\",\"@graph\":[{\"@type\":\"WebPage\",\"@id\":\"https:\/\/gtf.hr\/projekti\/\",\"url\":\"https:\/\/gtf.hr\/projekti\/\",\"name\":\"PROJEKTI - GTF-Inicijativa za odr\u017eivi rast\",\"isPartOf\":{\"@id\":\"https:\/\/gtf.hr\/#website\"},\"primaryImageOfPage\":{\"@id\":\"https:\/\/gtf.hr\/projekti\/#primaryimage\"},\"image\":{\"@id\":\"https:\/\/gtf.hr\/projekti\/#primaryimage\"},\"thumbnailUrl\":\"http:\/\/gtf.hr\/wp-content\/uploads\/2020\/04\/pisanjaplavoN-1024x683.jpg\",\"datePublished\":\"2020-04-03T13:46:47+00:00\",\"dateModified\":\"2026-03-30T15:56:30+00:00\",\"breadcrumb\":{\"@id\":\"https:\/\/gtf.hr\/projekti\/#breadcrumb\"},\"inLanguage\":\"en-GB\",\"potentialAction\":[{\"@type\":\"ReadAction\",\"target\":[\"https:\/\/gtf.hr\/projekti\/\"]}]},{\"@type\":\"ImageObject\",\"inLanguage\":\"en-GB\",\"@id\":\"https:\/\/gtf.hr\/projekti\/#primaryimage\",\"url\":\"http:\/\/gtf.hr\/wp-content\/uploads\/2020\/04\/pisanjaplavoN-1024x683.jpg\",\"contentUrl\":\"http:\/\/gtf.hr\/wp-content\/uploads\/2020\/04\/pisanjaplavoN-1024x683.jpg\"},{\"@type\":\"BreadcrumbList\",\"@id\":\"https:\/\/gtf.hr\/projekti\/#breadcrumb\",\"itemListElement\":[{\"@type\":\"ListItem\",\"position\":1,\"name\":\"Home\",\"item\":\"https:\/\/gtf.hr\/\"},{\"@type\":\"ListItem\",\"position\":2,\"name\":\"PROJEKTI\"}]},{\"@type\":\"WebSite\",\"@id\":\"https:\/\/gtf.hr\/#website\",\"url\":\"https:\/\/gtf.hr\/\",\"name\":\"GTF-Inicijativa za odr\u017eivi rast\",\"description\":\"\",\"potentialAction\":[{\"@type\":\"SearchAction\",\"target\":{\"@type\":\"EntryPoint\",\"urlTemplate\":\"https:\/\/gtf.hr\/?s={search_term_string}\"},\"query-input\":{\"@type\":\"PropertyValueSpecification\",\"valueRequired\":true,\"valueName\":\"search_term_string\"}}],\"inLanguage\":\"en-GB\"}]}<\/script>\n<!-- \/ Yoast SEO plugin. -->","yoast_head_json":{"title":"PROJEKTI - GTF-Inicijativa za odr\u017eivi rast","robots":{"index":"index","follow":"follow","max-snippet":"max-snippet:-1","max-image-preview":"max-image-preview:large","max-video-preview":"max-video-preview:-1"},"canonical":"https:\/\/gtf.hr\/en\/projekti\/","og_locale":"en_GB","og_type":"article","og_title":"PROJEKTI - GTF-Inicijativa za odr\u017eivi rast","og_description":"Projekti Podru\u010dja djelovanja Podru\u010dja djelovanja GTF-IOR-a za 2015. \u2013 2020. su poduzetni\u0161tvo, socijalna uklju\u010denost, ruralni razvoj, ekologija i turizam. U tim podru\u010djima je GTF aktivan te kroz provo\u0111enje projekata, organiziranje seminara, radionica i konferencija, sudjelovanjem na doga\u0111ajima i aktivnom suradnjom s dr\u017eavnim, javnim, privatnim i akademskim sektorom u Hrvatskoj i izvan nje, uvelike pridonosi ostvarivanju ... Read more","og_url":"https:\/\/gtf.hr\/en\/projekti\/","og_site_name":"GTF-Inicijativa za odr\u017eivi rast","article_modified_time":"2026-03-30T15:56:30+00:00","og_image":[{"url":"http:\/\/gtf.hr\/wp-content\/uploads\/2020\/04\/pisanjaplavoN-1024x683.jpg","type":"","width":"","height":""}],"twitter_card":"summary_large_image","twitter_misc":{"Estimated reading time":"2 minutes"},"schema":{"@context":"https:\/\/schema.org","@graph":[{"@type":"WebPage","@id":"https:\/\/gtf.hr\/projekti\/","url":"https:\/\/gtf.hr\/projekti\/","name":"PROJEKTI - GTF-Inicijativa za odr\u017eivi rast","isPartOf":{"@id":"https:\/\/gtf.hr\/#website"},"primaryImageOfPage":{"@id":"https:\/\/gtf.hr\/projekti\/#primaryimage"},"image":{"@id":"https:\/\/gtf.hr\/projekti\/#primaryimage"},"thumbnailUrl":"http:\/\/gtf.hr\/wp-content\/uploads\/2020\/04\/pisanjaplavoN-1024x683.jpg","datePublished":"2020-04-03T13:46:47+00:00","dateModified":"2026-03-30T15:56:30+00:00","breadcrumb":{"@id":"https:\/\/gtf.hr\/projekti\/#breadcrumb"},"inLanguage":"en-GB","potentialAction":[{"@type":"ReadAction","target":["https:\/\/gtf.hr\/projekti\/"]}]},{"@type":"ImageObject","inLanguage":"en-GB","@id":"https:\/\/gtf.hr\/projekti\/#primaryimage","url":"http:\/\/gtf.hr\/wp-content\/uploads\/2020\/04\/pisanjaplavoN-1024x683.jpg","contentUrl":"http:\/\/gtf.hr\/wp-content\/uploads\/2020\/04\/pisanjaplavoN-1024x683.jpg"},{"@type":"BreadcrumbList","@id":"https:\/\/gtf.hr\/projekti\/#breadcrumb","itemListElement":[{"@type":"ListItem","position":1,"name":"Home","item":"https:\/\/gtf.hr\/"},{"@type":"ListItem","position":2,"name":"PROJEKTI"}]},{"@type":"WebSite","@id":"https:\/\/gtf.hr\/#website","url":"https:\/\/gtf.hr\/","name":"GTF-Initiative for Sustainable Growth","description":"","potentialAction":[{"@type":"SearchAction","target":{"@type":"EntryPoint","urlTemplate":"https:\/\/gtf.hr\/?s={search_term_string}"},"query-input":{"@type":"PropertyValueSpecification","valueRequired":true,"valueName":"search_term_string"}}],"inLanguage":"en-GB"}]}},"_links":{"self":[{"href":"https:\/\/gtf.hr\/en\/wp-json\/wp\/v2\/pages\/1172","targetHints":{"allow":["GET"]}}],"collection":[{"href":"https:\/\/gtf.hr\/en\/wp-json\/wp\/v2\/pages"}],"about":[{"href":"https:\/\/gtf.hr\/en\/wp-json\/wp\/v2\/types\/page"}],"author":[{"embeddable":true,"href":"https:\/\/gtf.hr\/en\/wp-json\/wp\/v2\/users\/2"}],"replies":[{"embeddable":true,"href":"https:\/\/gtf.hr\/en\/wp-json\/wp\/v2\/comments?post=1172"}],"version-history":[{"count":32,"href":"https:\/\/gtf.hr\/en\/wp-json\/wp\/v2\/pages\/1172\/revisions"}],"predecessor-version":[{"id":4173,"href":"https:\/\/gtf.hr\/en\/wp-json\/wp\/v2\/pages\/1172\/revisions\/4173"}],"wp:attachment":[{"href":"https:\/\/gtf.hr\/en\/wp-json\/wp\/v2\/media?parent=1172"}],"curies":[{"name":"wp","href":"https:\/\/api.w.org\/{rel}","templated":true}]}}

<p>Projekti Područja djelovanja Područja djelovanja GTF-IOR-a za 2015. – 2020. su poduzetništvo, socijalna uključenost, ruralni razvoj, ekologija i turizam. U tim područjima je GTF aktivan te kroz provođenje projekata, organiziranje seminara, radionica i konferencija, sudjelovanjem na događajima i aktivnom suradnjom s državnim, javnim, privatnim i akademskim sektorom u Hrvatskoj i izvan nje, uvelike pridonosi ostvarivanju &#8230; <a title="PROJEKTI" class="read-more" href="https://gtf.hr/en/projekti/" aria-label="Read more about PROJEKTI">Read more</a></p>

<!-- This site is optimized with the Yoast SEO plugin v27.2 - https://yoast.com/product/yoast-seo-wordpress/ -->
<title>PROJEKTI - GTF-Inicijativa za održivi rast</title>
<meta name="robots" content="index, follow, max-snippet:-1, max-image-preview:large, max-video-preview:-1" />
<link rel="canonical" href="https://gtf.hr/en/projekti/" />
<meta property="og:locale" content="en_GB" />
<meta property="og:type" content="article" />
<meta property="og:title" content="PROJEKTI - GTF-Inicijativa za održivi rast" />
<meta property="og:description" content="Projekti Područja djelovanja Područja djelovanja GTF-IOR-a za 2015. – 2020. su poduzetništvo, socijalna uključenost, ruralni razvoj, ekologija i turizam. U tim područjima je GTF aktivan te kroz provođenje projekata, organiziranje seminara, radionica i konferencija, sudjelovanjem na događajima i aktivnom suradnjom s državnim, javnim, privatnim i akademskim sektorom u Hrvatskoj i izvan nje, uvelike pridonosi ostvarivanju ... Read more" />
<meta property="og:url" content="https://gtf.hr/en/projekti/" />
<meta property="og:site_name" content="GTF-Inicijativa za održivi rast" />
<meta property="article:modified_time" content="2026-03-30T15:56:30+00:00" />
<meta property="og:image" content="http://gtf.hr/wp-content/uploads/2020/04/pisanjaplavoN-1024x683.jpg" />
<meta name="twitter:card" content="summary_large_image" />
<meta name="twitter:label1" content="Estimated reading time" />
	<meta name="twitter:data1" content="2 minutes" />
<script type="application/ld+json" class="yoast-schema-graph">{"@context":"https://schema.org","@graph":[{"@type":"WebPage","@id":"https://gtf.hr/projekti/","url":"https://gtf.hr/projekti/","name":"PROJEKTI - GTF-Inicijativa za održivi rast","isPartOf":{"@id":"https://gtf.hr/#website"},"primaryImageOfPage":{"@id":"https://gtf.hr/projekti/#primaryimage"},"image":{"@id":"https://gtf.hr/projekti/#primaryimage"},"thumbnailUrl":"http://gtf.hr/wp-content/uploads/2020/04/pisanjaplavoN-1024x683.jpg","datePublished":"2020-04-03T13:46:47+00:00","dateModified":"2026-03-30T15:56:30+00:00","breadcrumb":{"@id":"https://gtf.hr/projekti/#breadcrumb"},"inLanguage":"en-GB","potentialAction":[{"@type":"ReadAction","target":["https://gtf.hr/projekti/"]}]},{"@type":"ImageObject","inLanguage":"en-GB","@id":"https://gtf.hr/projekti/#primaryimage","url":"http://gtf.hr/wp-content/uploads/2020/04/pisanjaplavoN-1024x683.jpg","contentUrl":"http://gtf.hr/wp-content/uploads/2020/04/pisanjaplavoN-1024x683.jpg"},{"@type":"BreadcrumbList","@id":"https://gtf.hr/projekti/#breadcrumb","itemListElement":[{"@type":"ListItem","position":1,"name":"Home","item":"https://gtf.hr/"},{"@type":"ListItem","position":2,"name":"PROJEKTI"}]},{"@type":"WebSite","@id":"https://gtf.hr/#website","url":"https://gtf.hr/","name":"GTF-Inicijativa za održivi rast","description":"","potentialAction":[{"@type":"SearchAction","target":{"@type":"EntryPoint","urlTemplate":"https://gtf.hr/?s={search_term_string}"},"query-input":{"@type":"PropertyValueSpecification","valueRequired":true,"valueName":"search_term_string"}}],"inLanguage":"en-GB"}]}</script>
<!-- / Yoast SEO plugin. -->

PROJEKTI - GTF-Inicijativa za održivi rast

Projekti Područja djelovanja Područja djelovanja GTF-IOR-a za 2015. – 2020. su poduzetništvo, socijalna uključenost, ruralni razvoj, ekologija i turizam. U tim područjima je GTF aktivan te kroz provođenje projekata, organiziranje seminara, radionica i konferencija, sudjelovanjem na događajima i aktivnom suradnjom s državnim, javnim, privatnim i akademskim sektorom u Hrvatskoj i izvan nje, uvelike pridonosi ostvarivanju ... Read more

GTF-Inicijativa za održivi rast
